lse
Is 4130121211 a composite number?
True
Is 7178821549 prime?
False
Is 15597985999 a prime number?
True
Is 103494493 a prime number?
True
Is 159119533 prime?
True
Is 2243781983 a composite number?
False
Is 3168292877 a prime number?
True
Is 8174312713 prime?
False
Is 1326398287 a prime number?
False
Is 975740131 a composite number?
False
Is 2121620863 a composite number?
False
Is 366248213 prime?
False
Is 59524156037 composite?
True
Is 77508547463 prime?
False
Is 15978233 composite?
True
Is 2853781157 composite?
True
Is 16976103919 prime?
False
Is 1256572621 a composite number?
False
Is 386323831 a prime number?
True
Is 5996486129 prime?
True
Is 3125957 composite?
False
Is 1602391061 a composite number?
False
Is 1752896303 composite?
False
Is 69035063 prime?
False
Is 629426299 prime?
False
Is 1491183433 a composite number?
False
Is 101189215067 prime?
True
Is 50474417633 a composite number?
False
Is 66242932141 a composite number?
False
Is 10465772943 a composite number?
True
Is 189333553403 a prime number?
True
Is 10462414517 prime?
True
Is 1307118649 a prime number?
True
Is 11444591861 a composite number?
False
Is 147004711 composite?
True
Is 24129947377 prime?
True
Is 1007252489 prime?
False
Is 607893203 a prime number?
False
Is 8169605047 composite?
True
Is 5967669671 a prime number?
True
Is 782417213 composite?
False
Is 2449677023 a prime number?
False
Is 28906331 prime?
False
Is 1068504223 prime?
False
Is 325587481 a composite number?
True
Is 1593647373 composite?
True
Is 212877643 prime?
False
Is 186124831 prime?
True
Is 290809733 a prime number?
True
Is 108367111 composite?
False
Is 7027433867 composite?
False
Is 3807171811 prime?
False
Is 71275855397 prime?
False
Is 209717489 composite?
True
Is 222059521157 a composite number?
True
Is 24438581 composite?
True
Is 41247426379 prime?
False
Is 55511171311 prime?
True
Is 13733338691 a composite number?
True
Is 71550937231 a prime number?
True
Is 356268431 prime?
True
Is 3901090261 composite?
True
Is 111212239 a composite number?
False
Is 5896176509 a prime number?
True
Is 7463574329 composite?
False
Is 259249903 composite?
True
Is 14277045527 prime?
True
Is 2801354753 composite?
True
Is 220792069193 a composite number?
True
Is 199928809 prime?
True
Is 249656174941 a composite number?
False
Is 402750767 prime?
True
Is 89841881589 a prime number?
False
Is 790595249 a prime number?
False
Is 1182673293 prime?
False
Is 128008253 a composite number?
True
Is 28534896254 a composite number?
True
Is 4265307743 composite?
False
Is 258993751397 a composite number?
False
Is 130985697643 composite?
True
Is 10268282573 a prime number?
True
Is 198305897 prime?
True
Is 9030745927 prime?
False
Is 40962619361 composite?
True
Is 1091363411 composite?
True
Is 10131825929 composite?
False
Is 7833955694 a prime number?
False
Is 109963781 composite?
False
Is 16780489511 composite?
True
Is 6208845667 composite?
False
Is 3774281647 composite?
True
Is 2111399447 a composite number?
False
Is 1113817379 a composite number?
False
Is 788270123 prime?
False
Is 20838190619 composite?
True
Is 966337319 prime?
True
Is 100676743891 composite?
False
Is 2870638733 a prime number?
True
Is 2507958653 a composite number?
False
Is 8602495861 a prime number?
False
Is 2847609833 a composite number?
False
Is 7022900851 a composite number?
False
Is 870418873 composite?
True
Is 14461631071 prime?
True
Is 898524419 a prime number?
False
Is 2189801041 a composite number?
False
Is 1603386541 prime?
False
Is 37368921 a composite number?
True
Is 275914015469 a composite number?
True
Is 1698379537 a prime number?
True
Is 188051131 a composite number?
True
Is 22921692851 a composite number?
True
Is 5681370623 composite?
False
Is 1362550809 composite?
True
Is 9758470583 a composite number?
True
Is 736329511 composite?
False
Is 4017778907 prime?
True
Is 448643869 prime?
False
Is 274758329 a prime number?
True
Is 34425383 composite?
True
Is 51034777219 a composite number?
False
Is 3231307391 prime?
False
Is 2203333169 a composite number?
False
Is 176529649583 prime?
False
Is 5203287893 a composite number?
True
Is 476844851 a composite number?
True
Is 4444211443 a composite number?
True
Is 509436409 prime?
False
Is 65865947249 a composite number?
True
Is 6938985745 composite?
True
Is 33106834109 a prime number?
True
Is 35845946333 a prime number?
False
Is 2131090943 prime?
True
Is 75813626107 prime?
True
Is 2030987369 a prime number?
True
Is 11091169561 composite?
False
Is 5017671301 prime?
False
Is 7094719783 a prime number?
True
Is 20746765729 composite?
True
Is 470842181 composite?
False
Is 30772073 a prime number?
False
Is 39280321477 prime?
True
Is 47098983733 prime?
False
Is 2300035819 composite?
False
Is 69565025681 composite?
True
Is 258471061 prime?
True
Is 170384321 a composite number?
True
Is 11657074489 a prime number?
True
Is 2007790691 prime?
True
Is 477099923 a composite number?
False
Is 318722137 prime?
False
Is 2158191619 composite?
True
Is 187063549 prime?
True
Is 371754973 prime?
False
Is 22572793 composite?
True
Is 1436172757 composite?
True
Is 3269061227 composite?
True
Is 8761579033 composite?
True
Is 2541998317 a prime number?
False
Is 1417129037 composite?
False
Is 110484229699 prime?
True
Is 656077271 prime?
True
Is 81328231 a composite number?
False
Is 1817193197 prime?
True
Is 978992407 prime?
True
Is 1860627103 a composite number?
True
Is 20343331643 prime?
True
Is 59240095729 a composite number?
False
Is 202649309769 prime?
False
Is 7728543527 prime?
True
Is 7947690127 composite?
True
Is 10883031751 composite?
False
Is 1537380347 a prime number?
False
Is 25415376893 a prime number?
True
Is 446940077 prime?
True
Is 6636973663 a prime number?
True
Is 268075601 a prime number?
False
Is 18097712537 a composite number?
True
Is 6122747489 composite?
True
Is 6112212089 prime?
True
Is 56889733 composite?
True
Is 1566524231 composite?
False
Is 9421381 prime?
False
Is 8499818737 composite?
True
Is 208399189 composite?
False
Is 388211653 a prime number?
True
Is 79687747 composite?
False
Is 201138857 composite?
False
Is 12503252381 prime?
True
Is 12076164553 composite?
False
Is 40899208933 composite?
True
Is 228039607 prime?
False
Is 1380047099 composite?
True
Is 1689865337 composite?
False
Is 2075309489 a prime number?
False
Is 15132790487 a prime number?
False
Is 226429447 composite?
False
Is 9953610377 composite?
True
Is 31588061 composite?
False
Is 55439897 composite?
False
Is 3317391119 a composite number?
True
Is 1026280223 composite?
False
Is 232161883 a composite number?
True
Is 34455976657 a composite number?
False
Is 56481300487 prime?
False
Is 265053233 prime?
False
Is 6136118339 prime?
False
Is 516832747 a composite number?
True
Is 38363735879 prime?
False
Is 22474931 a composite number?
True
Is 100423223 a composite number?
False
Is 293646949 a composite number?
False
Is 6624080159 a composite number?
True
Is 144258641 composite?
True
Is 2615919861 prime?
False
Is 5955350477 prime?
False
Is 3737236619 composite?
False
Is 22105055471 a prime number?
True
Is 376154963 composite?
False
Is 28091179541 a composite number?
False
Is 13725139177 composite?
True
Is 2349898979 a composite number?
False
Is 377069293 a composite number?
False
Is 18156887 a prime number?
False
Is 21605175667 composite?
False
Is 3818794519 a composite number?
False
Is 69330712753 prime?
False
Is 24757256353 a prime number?
True
Is 130304494898 composite?
True
Is 28190273387 composite?
False
Is 2613281761 prime?
True
Is 929279383 a prime number?
False
Is 3527591635 a prime number?
False
Is 34410756221 composite?
False
Is 1649149829 composite?
True
Is 480996671 composite?
True
Is 4175908127 composite?
False
Is 29879133659 a prime number?
False
Is 114592581339 a composite number?
True
Is 2604894793 prime?
True
Is 918633761 composite?
False
Is 1979004773 a composite number?
True
Is 66975214613 a prime number?
True
Is 9104304597 prime?
False
Is 1611302171 a composite number?
False
Is 33355244861 a composite number?
False
Is 6851758507 a composite number?
True
Is 48581104657 composite?
False
Is 2864817457 a prime number?
True
Is 36893163313 composite?
True
Is 676207229 a prime number?
False
Is 2143956821 a composite number?
False
Is 6399862097 a